e of 50?
False
Is 8 a factor of 638?
False
Does 9 divide 2718?
True
Does 33 divide 90?
False
Is 6 a factor of 2910?
True
Does 23 divide 8188?
True
Does 23 divide 158?
False
Is 103734 a multiple of 18?
True
Is 895 a multiple of 40?
False
Does 3 divide 14?
False
Is 52 a factor of 74792?
False
Is 10950 a multiple of 75?
True
Is 15736 a multiple of 4?
True
Does 58 divide 76105?
False
Is 143 a multiple of 11?
True
Does 3 divide 9492?
True
Is 3772 a multiple of 23?
True
Does 117 divide 80496?
True
Is 7 even?
False
Is 87 a factor of 5481?
True
Does 8 divide 283?
False
Is 18 a factor of 807?
False
Is 13989 a multiple of 136?
False
Does 24 divide 960?
True
Is 239 a multiple of 8?
False
Is 26 a factor of 1898?
True
Is 32 a factor of 2910?
False
Is 29580 a multiple of 10?
True
Does 45 divide 1056?
False
Is 51466 a multiple of 74?
False
Does 12 divide 1681?
False
Is 84 a factor of 7586?
False
Is 12 a factor of 578?
False
Is 35 a factor of 181510?
True
Is 10 a factor of 530?
True
Does 48 divide 1296?
True
Is 912 a multiple of 15?
False
Is 1125 a multiple of 45?
True
Is 146 a factor of 3942?
True
Is 31440 a multiple of 240?
True
Is 346 a multiple of 16?
False
Is 12 a factor of 144?
True
Is 33 a factor of 3630?
True
Is 90190 a multiple of 17?
False
Does 5 divide 712?
False
Is 50 a factor of 105250?
True
Is 93 a factor of 17019?
True
Is 77 a factor of 4300?
False
Does 16 divide 448?
True
Does 100 divide 38100?
True
Does 161 divide 9016?
True
Is 136 a factor of 5539?
False
Is 36 a factor of 1908?
True
Does 56 divide 1176?
True
Is 19 a factor of 1102?
True
Is 32 a factor of 4348?
False
Does 61 divide 9821?
True
Does 22 divide 334?
False
Is 7800 a multiple of 26?
True
Is 38 a factor of 24092?
True
Is 5 a factor of 11?
False
Is 53 a factor of 829?
False
Does 171 divide 2394?
True
Is 690 a multiple of 23?
True
Is 52 a factor of 514?
False
Does 63 divide 9072?
True
Is 15 a factor of 260?
False
Is 16 a factor of 415?
False
Is 17 a factor of 1088?
True
Is 21 a factor of 8618?
False
Is 5913 a multiple of 81?
True
Is 28 a factor of 542?
False
Is 5 a factor of 8410?
True
Is 25125 a multiple of 203?
False
Does 11 divide 23529?
True
Is 6524 a multiple of 28?
True
Is 505 even?
False
Does 84 divide 1521?
False
Is 35 a factor of 210?
True
Is 1185 a multiple of 4?
False
Does 14 divide 553?
False
Does 16 divide 10240?
True
Is 33018 a multiple of 232?
False
Is 10 a factor of 830?
True
Does 13 divide 16939?
True
Is 43 a factor of 1032?
True
Is 14 a factor of 1224?
False
Is 2386 even?
True
Does 5 divide 1155?
True
Is 35 a factor of 2240?
True
Is 8 a factor of 25904?
True
Is 5254 a multiple of 166?
False
Does 6 divide 56542?
False
Is 56 a factor of 299?
False
Is 16 a factor of 10260?
False
Is 29016 a multiple of 52?
True
Is 7495 a multiple of 64?
False
Does 14 divide 211?
False
Is 345 a multiple of 6?
False
Does 58 divide 294?
False
Does 36 divide 719?
False
Is 5 a factor of 4510?
True
Is 289 a factor of 19074?
True
Does 25 divide 1125?
True
Is 33792 a multiple of 22?
True
Does 12 divide 11011?
False
Is 6 a factor of 6?
True
Is 2328 even?
True
Is 27606 a multiple of 214?
True
Is 14 a multiple of 7?
True
Does 15 divide 13836?
False
Is 12789 a multiple of 7?
True
Does 2 divide 3426?
True
Is 13 a factor of 20714?
False
Is 5 a factor of 203?
False
Does 21 divide 41979?
True
Does 169 divide 3887?
True
Is 203 a factor of 5887?
True
Is 14 a factor of 287?
False
Is 919 a multiple of 7?
False
Is 2 a factor of 248?
True
Is 1940 a multiple of 11?
False
Does 2 divide 1633?
False
Is 28840 a multiple of 206?
True
Does 10 divide 180?
True
Does 21 divide 630?
True
Is 5 a factor of 26750?
True
Does 24 divide 2139?
False
Is 5 a factor of 1911?
False
Does 5 divide 28437?
False
Does 6 divide 1138?
False
Does 4 divide 2524?
True
Does 8 divide 528?
True
Does 17 divide 343?
False
Does 7 divide 23706?
False
Is 40986 a multiple of 69?
True
Is 76 a factor of 2356?
True
Is 8946 a multiple of 27?
False
Is 556 a multiple of 3?
False
Is 2852 a multiple of 9?
False
Is 249 a factor of 4663?
False
Is 31648 a multiple of 113?
False
Is 44 a factor of 3124?
True
Is 8976 a multiple of 11?
True
Is 10 a factor of 9145?
False
Is 320 a multiple of 10?
True
Is 5229 a multiple of 83?
True
Is 192 a factor of 6442?
False
Is 2166 a multiple of 57?
True
Is 10511 a multiple of 27?
False
Is 13 a factor of 360?
False
Does 91 divide 4300?
False
Is 968 a multiple of 124?
False
Is 19 a factor of 25251?
True
Is 43 a factor of 903?
True
Does 18 divide 3816?
True
Is 2 a factor of 311?
False
Is 2467 a multiple of 30?
False
Is 805 a multiple of 26?
False
Is 312 a multiple of 21?
False
Is 303 a multiple of 30?
False
Does 43 divide 14706?
True
Is 1134 a multiple of 63?
True
Does 23 divide 1794?
True
Is 980 a multiple of 48?
False
Does 16 divide 41373?
False
Is 75 a factor of 2424?
False
Does 19 divide 6399?
False
Is 82274 a multiple of 152?
False
Is 992 a multiple of 32?
True
Does 101 divide 3535?
True
Is 5850 a multiple of 45?
True
Is 10 a factor of 1142?
False
Is 6425 a multiple of 33?
False
Is 17390 a multiple of 47?
True
Is 525 a multiple of 14?
False
Does 28 divide 252?
True
Is 93 a factor of 10888?
False
Is 512 a multiple of 18?
False
Is 1949 a multiple of 65?
False
Does 17 divide 349?
False
Is 55 a factor of 1024?
False
Is 15292 a multiple of 60?
False
Is 4023 a multiple of 9?
True
Is 7552 a multiple of 47?
False
Is 125376 a multiple of 24?
True
Is 11128 a multiple of 64?
False
Does 12 divide 21048?
True
Is 2310 a multiple of 11?
True
Is 278 a multiple of 22?
False
Is 49 a factor of 980?
True
Is 6446 a multiple of 189?
False
Is 1187 a multiple of 15?
False
Does 32 divide 932?
False
Is 24 a multiple of 3?
True
Is 672 a multiple of 21?
True
Is 11 a factor of 353?
False
Is 3139 a multiple of 13?
False
Does 20 divide 600?
True
Does 14 divide 1004?
False
Does 11 divide 3520?
True
Does 86 divide 5620?
False
Is 233 a factor of 13747?
True
Is 14609 a multiple of 29?
False
Does 19 divide 304?
True
Is 4698 a multiple of 162?
True
Does 39 divide 300?
False
Is 54 a factor of 68418?
True
Does 98 divide 23048?
False
Does 88 divide 528?
True
Is 14527 a multiple of 3?
False
Does 53 divide 1855?
True
Is 14 a factor of 2073?
False
Is 24089 a multiple of 13?
True
Is 43807 a multiple of 108?
False
Is 32 a factor of 128?
True
Is 3344 a multiple of 19?
True
Is 363 a multiple of 22?
False
Does 14 divide 602?
True
Is 13357 a multiple of 137?
False
Is 252 a multiple of 7?
True
Is 169 a factor of 21896?
False
Is 4379 a multiple of 29?
True
Is 11002 a multiple of 39?
False
Does 74 divide 740?
True
Is 37 a factor of 3569?
False
Is 33 a factor of 40159?
False
Is 5880 a multiple of 38?
False
Does 18 divide 1890?
True
Does 18 divide 19566?
True
Is 59 a factor of 10120?
False
Is 13 a factor of 13962?
True
Does 13 divide 13266?
False
Is 788 a multiple of 4?
True
Is 23 a multiple of 10?
False
Is 8 a factor of 10741?
False
Is 1541 a multiple of 65?
False
Is 5178 a multiple of 32?
False
Is 34 a factor of 13192?
True
Does 14 divide 20454?
True
Does 64 divide 8945?
False
Does 51 divide 514?
False
Does 5 divide 34?
False
Is 19 a factor of 7353?
True
Is 222 a factor of 102786?
True
Is 480 a multiple of 3?
True
Does 7 divide 10899?
True
Is 81 a factor of 1949?
False
Does 70 divide 2244?
False
Is 458 a factor of 42612?
False
Is 15496 a multiple of 13?
True
Is 106 a factor of 11448?
True
Is 1086 a multiple of 32?
False
Is 2365 a multiple of 35?
False
Does 14 divide 1774?
False
Does 88 divide 29128?
True
Does 3 divide 23?
False
Does 47 divide 12737?
True
Is 26 a factor of 2859?
False
Is 118 a factor of 6254?
True
Is 3784 a multiple of 44?
True
Is 2010 a multiple of 10?
True
Does 8 divide 6136?
True
Does 8 divide 1022?
False
Does 5 divide 10?
True
Is 412 a factor of 111614?
False
Is 25 a factor of 1500?
True
Is 11 a factor of 26301?
True
Does 11 divide 26139?
False
Is 88 a multiple of 64?
False
Is 14 a factor of 3584?
True
Does 37 divide 1898?
False
Is 3312 a multiple of 46?
True
Is 1814 a multiple of 69?
False
Does 24 divide 70?
False
Is 45 a factor of 1440?
True
Is 63 a factor of 133?
False
Does 19 divide 6612?
True
Is 34 a factor of 9057?
False
Does 7 divide 927?
False
Is 2409 a multiple of 73?
True
Does 95 divide 3800?
True
Does 71 divide 4331?
True
Is 195 a multiple 